t is -2ba8 + -4?
-2bac
In base 7, what is -602 - 406?
-1311
In base 14, what is -6 - 4ada?
-4b02
In base 7, what is 15156 + 13?
15202
In base 16, what is -614b7 + -5?
-614bc
In base 2, what is 10111000110110011 - 10111?
10111000110011100
In base 10, what is 17 + -10507?
-10490
In base 13, what is 4 - -2873?
2877
In base 14, what is -9ba5 + 88?
-9b1b
In base 16, what is 3d + 5e?
9b
In base 12, what is 1099 - -29?
1106
In base 3, what is 2200021 - 1202121?
220200
In base 7, what is -4 - 442640?
-442644
In base 5, what is 1321444 + -101?
1321343
In base 15, what is -61 + -28?
-89
In base 2, what is 11 + 100001101000011011?
100001101000011110
In base 10, what is -8058 - 7?
-8065
In base 12, what is 5085b - -3?
50862
In base 13, what is -22377 - 12?
-22389
In base 11, what is -94 - -2a6?
212
In base 14, what is -3a72b5 + -2?
-3a72b7
In base 4, what is 300 - 22303?
-22003
In base 6, what is -3500132 + -2?
-3500134
In base 12, what is -24 + -18316?
-1833a
In base 8, what is 147705 + -5?
147700
In base 6, what is -4542421 - 1?
-4542422
In base 14, what is 5758a6 - 4?
5758a2
In base 5, what is 310410 + 231?
311141
In base 11, what is 19272 - 100?
19172
In base 11, what is 6 - -33974?
3397a
In base 13, what is 1443b - -b?
14449
In base 12, what is 35 + 3a85?
3aba
In base 14, what is -61cd0 + 2?
-61ccc
In base 9, what is -10 + 15126?
15116
In base 10, what is -2 + 499741?
499739
In base 11, what is a7 - -1232?
1329
In base 16, what is ed68 - -2?
ed6a
In base 7, what is -6 + 41604?
41565
In base 13, what is 123 - -b7?
20a
In base 16, what is 84e7d - 5?
84e78
In base 9, what is -10 + 34638?
34628
In base 5, what is -2224 - -1110?
-1114
In base 14, what is -267b2 + 5?
-267ab
In base 5, what is 3 + -244423?
-244420
In base 14, what is 95 - c?
87
In base 9, what is 4 - 13028?
-13024
In base 10, what is -1 + 11517?
11516
In base 16, what is 7e2 + 48b?
c6d
In base 9, what is 136 - -485?
632
In base 3, what is 102022 - 12001?
20021
In base 10, what is -24 + 27525?
27501
In base 7, what is 5 - 2131016?
-2131011
In base 7, what is 30 + -44256?
-44226
In base 6, what is -30 + -12114234?
-12114304
In base 10, what is 5 - 3981?
-3976
In base 4, what is 2210111303 - 0?
2210111303
In base 7, what is -125 + -10225?
-10353
In base 14, what is -73 - -106a7?
10634
In base 13, what is 88 + 43a?
4c5
In base 13, what is 29c - a9?
1c3
In base 14, what is -3a953 - 5?
-3a958
In base 4, what is -1113 + -101113?
-102232
In base 15, what is 41775 + 0?
41775
In base 4, what is 10032 + -210020?
-133322
In base 2, what is -1100010000001 - 1100?
-1100010001101
In base 15, what is 4 - 60b?
-607
In base 5, what is -100440101 - 12?
-100440113
In base 10, what is 9 - -5941?
5950
In base 6, what is 0 + -5354214?
-5354214
In base 3, what is -122220010 - 110?
-122220120
In base 3, what is 2001222221 - 211?
2001222010
In base 11, what is -1043a + 5?
-10435
In base 12, what is bb58 - -5?
bb61
In base 12, what is b653 - 0?
b653
In base 2, what is -11110110100001000000 + 0?
-11110110100001000000
In base 14, what is -65bbd - 14?
-65bd3
In base 10, what is -5 + 177285?
177280
In base 10, what is 1251 + -411?
840
In base 10, what is 13 + -177625?
-177612
In base 13, what is -1a006 + -7?
-1a010
In base 15, what is -5 - -8b75?
8b70
In base 13, what is 3c2 - -1018?
140a
In base 13, what is -10b65c8 - -3?
-10b65c5
In base 13, what is 29c + -69?
233
In base 9, what is 3548744 + -4?
3548740
In base 8, what is -63477 + -3?
-63502
In base 8, what is 655 + -242?
413
In base 7, what is 42515 - 5?
42510
In base 13, what is -23bb1 - -5?
-23ba9
In base 6, what is -1133 - 2102?
-3235
In base 16, what is -3 - e05e?
-e061
In base 15, what is 11 - c210?
-c1ee
In base 14, what is 4 + -8dba1?
-8db9b
In base 10, what is 28 + 153634?
153662
In base 16, what is -54c - -11?
-53b
In base 12, what is 6471 - -24?
6495
In base 11, what is 0 - -375732?
375732
In base 14, what is 2aa + 89?
355
In base 10, what is 7085 + -4?
7081
In base 10, what is 38 - 73688?
-73650
In base 12, what is 12 + -2a?
-18
In base 8, what is 35 + 5617?
5654
In base 9, what is -102 + -6473?
-6575
In base 6, what is 2 + -133254?
-133252
In base 12, what is 1489b + -74?
14827
In base 9, what is -2535787 + -2?
-2535800
In base 15, what is -4 + -d81d?
-d822
In base 11, what is -226 + 11?
-215
In base 6, what is 1532450 - -30?
1532520
In base 15, what is -16e23 - -4?
-16e1e
In base 5, what is -21 - 222102?
-222123
In base 15, what is 13975 - 5?
13970
In base 12, what is -7b3a28 - -3?
-7b3a25
In base 4, what is -1 + 11311000?
11310333
In base 7, what is 1536 + 325?
2164
In base 15, what is 1 + 3d25?
3d26
In base 7, what is -5 + -106152?
-106160
In base 13, what is 150 + 876?
9c6
In base 15, what is -6c + 8e7?
87a
In base 13, what is -141c6 + 7?
-141bc
In base 10, what is 1843 + -7?
1836
In base 11, what is -4 - 40815?
-40819
In base 10, what is -6 - -6116?
6110
In base 8, what is 12316 - 256?
12040
In base 12, what is 59768 - 4?
59764
In base 5, what is -424 + -103103?
-104032
In base 8, what is 123 + -542?
-417
In base 11, what is 1320 + -15?
1306
In base 5, what is 33143 - -10?
33203
In base 8, what is 604 + 642?
1446
In base 4, what is 2 + 10302?
10310
In base 9, what is 856251 + -1?
856250
In base 3, what is 10221 - 1020?
2201
In base 3, what is 21002220 - 10?
21002210
In base 11, what is 5 - 180898?
-180893
In base 15, what is -4 + -6dce?
-6dd3
In base 14, what is -b + 18191?
18184
In base 16, what is -2 + 1592?
1590
In base 10, what is -2 - 3607?
-3609
In base 2, what is -100 + -1000110101111111?
-1000110110000011
In base 14, what is 8a5 + -1d7?
6ac
In base 14, what is 3965 + -5?
3960
In base 6, what is -5322 + 2?
-5320
In base 8, what is -32 + 3161?
3127
In base 9, what is -3 + 81664?
81661
In base 11, what is -232 + -121?
-353
In base 10, what is 4 - -3597?
3601
In base 2, what is -11011110110 - 110011?
-11100101001
In base 15, what is -3ccc + 7?
-3cc5
In base 5, what is -2223 - 1012?
-3240
In base 12, what is -1b - 596?
-5b5
In base 12, what is 5b6 + b15?
150b
In base 14, what is -190d96 - 3?
-190d99
In base 10, what is 549 - -373?
922
In base 3, what is -110211111 - 2?
-110211120
In base 3, what is -120101100 - -100?
-120101000
In base 12, what is 25170 + -14?
25158
In base 4, what is -213011 - 20?
-213031
In base 10, what is 943 - -184?
1127
In base 3, what is 11202222020 + 21?
11202222111
In base 8, what is -4 + -100054?
-100060
In base 2, what is 10 - 1001110110010?
-1001110110000
In base 10, what is 2 - -311091?
311093
In base 4, what is 3200013 + 10320?
3210333
In base 6, what is -2043 - -3040?
553
In base 2, what is 11001 + 100110111110?
100111010111
In base 9, what is -33334 - 4?
-33338
In base 6, what is 551321 + -23?
551254
In base 8, what is 234 + 375?
631
In base 11, what is -144a49 - 1?
-144a4a
In base 12, what is -6 + -411b?
-4125
In base 13, what is -1b + 198b?
1970
In base 5, what is -21013 - 1?
-21014
In base 7, what is 213 + 24423?
24636
In base 9, what is -5234332 - 2?
-5234334
In base 16, what is -5 - -344f1?
344ec
In base 5, what is -14 + -2210202?
-2210221
In base 15, what is -74 + -4?
-78
In base 7, what is 5134 - -4453?
12620
In base 16, what is -38 + e?
-2a
In base 2, what is 10 - 1110100110001?
-1110100101111
In base 13, what is -5 + 151b2?
151aa
In base 4, what is -23 - -101202030?
101202001
In base 4, what is 3320 - 10001?
-21
In base 5, what is -2 + -23123?
-23130
In base 16, what is -3ee9 - c?
-3ef5
In base 15, what is 10a34 + -5?
10a2e
In base 5, what is 42 + -334224?
-334132
In base 11, what is -1a - 40522?
-40541
In base 5, what is 20 - 402340?
-402320
In base 3, what is 10122 + 12012220?
12100112
In base 14, what is 4 + 2139?
213d
In base 15, what is -494 + 19b?
-2e8
In base 5, what is -313033402 - 1?
-313033403
In base 12, what is -1b7 - 648?
-843
In base 4, what is 12232 + -210?
12022
In base 10, what is 93 + 1543?
1636
In base 4, what is -3 + 13002222?
13002213
In base 12, what is 196948 + 4?
196950
In base 10, what is -496002 + -4?
-496006
In base 10, what is -9 - 28247?
-28256
In base 10, what is -3 + -1930?
-1933
In base 15, what is a821 - 1?
a820
In base 2, what is 101001001101111011 - -101?
101001001110000000
In base 8, what is 2213 + -60?
2133
In base 13, what is 6 + -859a?
-8594
In base 5, what is 1 